?
False
Is 8191 a composite number?
False
Is 3457 composite?
False
Is 15497 composite?
False
Is 163843 prime?
False
Is 54751 composite?
False
Is 24161 a composite number?
True
Is 182053 prime?
False
Is 14621 a prime number?
True
Is 399031 a composite number?
False
Is 354869 a prime number?
True
Is 427 prime?
False
Is 10265 a composite number?
True
Is 118343 a prime number?
True
Is 401979 prime?
False
Is 684742 composite?
True
Is 120467 prime?
False
Is 19319 prime?
True
Is 37277 a prime number?
True
Is 204407 prime?
False
Is 1047367 composite?
False
Is 64261 a prime number?
False
Is 38239 composite?
False
Is 353629 a composite number?
False
Is 61307 composite?
True
Is 7921 a prime number?
False
Is 724769 a prime number?
True
Is 387641 composite?
False
Is 14363 a prime number?
False
Is 2370937 composite?
False
Is 257 prime?
True
Is 116489 composite?
True
Is 2231 a composite number?
True
Is 14519 prime?
True
Is 4717 a composite number?
True
Is 922873 prime?
False
Is 14569 a composite number?
True
Is 27123 a composite number?
True
Is 218213 composite?
False
Is 13339 a prime number?
True
Is 2411 composite?
False
Is 87319 prime?
False
Is 11549 a composite number?
False
Is 165877 a prime number?
True
Is 983867 prime?
False
Is 918719 a prime number?
False
Is 248389 a composite number?
False
Is 691 a composite number?
False
Is 2929 prime?
False
Is 54787 a composite number?
False
Is 13093 composite?
False
Is 151871 composite?
False
Is 1477 a prime number?
False
Is 20201 composite?
False
Is 131 a composite number?
False
Is 1378187 a prime number?
True
Is 46993 composite?
False
Is 119 composite?
True
Is 783943 prime?
False
Is 2003203 a composite number?
True
Is 26557 composite?
False
Is 33013 a composite number?
False
Is 4937 prime?
True
Is 397427 a prime number?
True
Is 36229 prime?
True
Is 106773 composite?
True
Is 330145 composite?
True
Is 1294 composite?
True
Is 50503 prime?
True
Is 20089 a prime number?
True
Is 49431 composite?
True
Is 197177 a composite number?
True
Is 1707 a composite number?
True
Is 208303 a prime number?
False
Is 15191 a prime number?
False
Is 195659 composite?
False
Is 58379 composite?
False
Is 458479 a prime number?
False
Is 65353 a prime number?
True
Is 1840871 a prime number?
True
Is 97809 a prime number?
False
Is 66683 prime?
True
Is 568067 composite?
True
Is 12178 prime?
False
Is 418981 composite?
False
Is 19555 a composite number?
True
Is 2239997 a prime number?
True
Is 48967 composite?
True
Is 37795 a composite number?
True
Is 2879 a prime number?
True
Is 3781 composite?
True
Is 92306 a composite number?
True
Is 7603 a composite number?
False
Is 200247 a composite number?
True
Is 32741 prime?
False
Is 12931 prime?
False
Is 34627 prime?
False
Is 1133039 a composite number?
False
Is 63449 a composite number?
True
Is 230951 a prime number?
False
Is 7057 prime?
True
Is 14177 a prime number?
True
Is 7789 prime?
True
Is 71009 composite?
True
Is 560999 composite?
True
Is 362851 a composite number?
False
Is 929 a composite number?
False
Is 288023 composite?
False
Is 54917 composite?
False
Is 35669 prime?
False
Is 6349 a prime number?
False
Is 4955 a prime number?
False
Is 11959 a composite number?
False
Is 1609301 a composite number?
False
Is 1259 prime?
True
Is 1036291 composite?
False
Is 225871 a composite number?
False
Is 54163 composite?
False
Is 108943 composite?
False
Is 96853 prime?
False
Is 411527 composite?
False
Is 66227 a prime number?
False
Is 15 composite?
True
Is 19913 composite?
False
Is 1936891 a composite number?
True
Is 17807 composite?
False
Is 143681 composite?
True
Is 16843 a prime number?
True
Is 253499 a composite number?
True
Is 19219 prime?
True
Is 559709 a prime number?
True
Is 200323 composite?
False
Is 26651 prime?
False
Is 1191 composite?
True
Is 997727 a prime number?
True
Is 106291 composite?
False
Is 7883 a prime number?
True
Is 62513 prime?
False
Is 5953 a composite number?
False
Is 252614 composite?
True
Is 486503 a composite number?
False
Is 171991 prime?
False
Is 149483 composite?
True
Is 9921 prime?
False
Is 111131 prime?
False
Is 4144201 a composite number?
False
Is 9806 composite?
True
Is 25941 a composite number?
True
Is 150763 prime?
False
Is 414383 a composite number?
False
Is 171931 prime?
False
Is 146561 prime?
False
Is 612919 prime?
False
Is 1693 prime?
True
Is 796501 a prime number?
False
Is 432969 composite?
True
Is 30131 a composite number?
True
Is 24763 a prime number?
True
Is 9127 a composite number?
False
Is 685 prime?
False
Is 656237 composite?
False
Is 7013 composite?
False
Is 127277 a composite number?
False
Is 1109 a composite number?
False
Is 149689 a prime number?
True
Is 62861 a prime number?
True
Is 40881 composite?
True
Is 792119 a prime number?
True
Is 2542879 composite?
False
Is 230903 a prime number?
False
Is 10301 a prime number?
True
Is 218623 a composite number?
False
Is 3793 a composite number?
False
Is 1542179 prime?
True
Is 131798 composite?
True
Is 16795 composite?
True
Is 33169 a composite number?
True
Is 41371 composite?
True
Is 760607 a composite number?
False
Is 1546673 composite?
True
Is 51943 composite?
True
Is 9509 composite?
True
Is 16183 prime?
True
Is 36511 prime?
False
Is 110373 a prime number?
False
Is 9239 prime?
True
Is 14038 a prime number?
False
Is 5099 composite?
False
Is 1347 a prime number?
False
Is 6547 composite?
False
Is 9391 prime?
True
Is 142601 composite?
False
Is 1761 prime?
False
Is 425959 composite?
False
Is 97417 prime?
False
Is 358979 a composite number?
False
Is 11633 prime?
True
Is 73001 composite?
True
Is 28771 composite?
False
Is 32083 a prime number?
True
Is 4729 a composite number?
False
Is 744893 prime?
True
Is 11113 a prime number?
True
Is 62207 a composite number?
False
Is 123817 a prime number?
True
Is 4547 a prime number?
True
Is 4320637 prime?
True
Is 16817 composite?
True
Is 11351 a prime number?
True
Is 112543 a prime number?
True
Is 8033 a composite number?
True
Is 221021 a composite number?
False
Is 783381 composite?
True
Is 897931 prime?
True
Is 16057 prime?
True
Is 122449 a prime number?
True
Is 28537 composite?
False
Is 15937 prime?
True
Is 310457 prime?
False
Is 35797 composite?
False
Is 219265 composite?
True
Is 2823 composite?
True
Is 130081 a composite number?
True
Is 69427 a composite number?
False
Is 39929 prime?
True
Is 745103 a composite number?
False
Is 20849 a composite number?
False
Is 120347 a composite number?
True
Is 36899 prime?
True
Is 487243 composite?
True
Is 124717 composite?
False
Is 15427 composite?
False
Is 276733 prime?
False
Is 2832073 composite?
False
Is 43913 prime?
True
Is 6089 a prime number?
True
Is 17851 a composite number?
False
Is 1823 composite?
False
Is 3433 composite?
False
Is 31883 a prime number?
True
Is 35681 composite?
True
Is 521 composite?
False
Is 718897 prime?
True
Is 154639 composite?
True
Is 47449 prime?
False
Is 64339 composite?
True
Is 6085 a composite number?
True
Is 16963 prime?
True
Is 3199 composite?
True
Is 34841 composite?
False
Is 597 prime?
False
Is 5837 prime?
False
Is 2495 composite?
True
Is 116227 a prime number?
False
Is 643103 composite?
True
Is 5969 composite?
True
Is 1759 prime?
True
Is 177839 prime?
True
Is 1016077 a prime number?
False
Is 1165049 prime?
True
Is 145381 a prime number?
True
Is 501287 a composite number?
False
Is 40789 prime?
False
Is 2579 composite?
False
Is 83243 prime?
True
Is 513257 a prime number?
True
Is 24883 a composite number?
True
Is 664243 a composite number?
False
Is 12373 composite?
False
Is 497 composite?
True
Is 89 a composite number?
False
Is 88943 composite?
True
Is 10961 prime?
False
Is 85193 prime?
True
Is 758 prime?
False
Is 8941 a composite number?
False
Is 138053 a composite number?
False
Is 18881 prime?
False
Is 46399 a prime number?
True
Is 11369 prime?
True
Is 13529 a composite number?
True
Is 33295 prime?
False
Is 5227 composite?
False
Is 3869935 prime?
False
Is 308146 a composite number?
True
Is 114997 a composite number?
False
Is 70159 a prime number?
False
Is 2579 prime?
True
Is 4783 a composite number?
False
Is 15439 a prime number?
True
Is 282099 prime?
False
Is 29758 a composite number?
True
Is 8513 prime?
True
Is 6067 composite?
False
Is 381 a composite number?
True
Is 1031399 prime?
True
Is 13669 c